{"id":818,"date":"2023-12-04T23:00:49","date_gmt":"2023-12-05T02:00:49","guid":{"rendered":"https:\/\/staraquecedores.com.br\/?page_id=818"},"modified":"2023-12-05T09:36:10","modified_gmt":"2023-12-05T12:36:10","slug":"nossa-historia-2","status":"publish","type":"page","link":"https:\/\/staraquecedores.com.br\/index.php\/nossa-historia-2\/","title":{"rendered":"Nossa Hist\u00f3ria"},"content":{"rendered":"\t\t<div data-elementor-type=\"wp-page\" data-elementor-id=\"818\" class=\"elementor elementor-818\" data-elementor-post-type=\"page\">\n\t\t\t\t\t\t\t<div class=\"elementor-element elementor-element-4b4699e e-flex e-con-boxed e-con e-parent\" data-id=\"4b4699e\" data-element_type=\"container\" data-settings=\"{&quot;background_background&quot;:&quot;classic&quot;,&quot;content_width&quot;:&quot;boxed&quot;}\" data-core-v316-plus=\"true\">\n\t\t\t\t\t<div class=\"e-con-inner\">\n\t\t<div class=\"elementor-element elementor-element-dc13b94 e-flex e-con-boxed e-con e-child\" data-id=\"dc13b94\" data-element_type=\"container\" data-settings=\"{&quot;content_width&quot;:&quot;boxed&quot;}\">\n\t\t\t\t\t<div class=\"e-con-inner\">\n\t\t<div class=\"elementor-element elementor-element-742dbbc e-flex e-con-boxed e-con e-child\" data-id=\"742dbbc\" data-element_type=\"container\" data-settings=\"{&quot;content_width&quot;:&quot;boxed&quot;}\">\n\t\t\t\t\t<div class=\"e-con-inner\">\n\t\t<div class=\"elementor-element elementor-element-ca1f2d7 e-flex e-con-boxed e-con e-child\" data-id=\"ca1f2d7\" data-element_type=\"container\" data-settings=\"{&quot;content_width&quot;:&quot;boxed&quot;}\">\n\t\t\t\t\t<div class=\"e-con-inner\">\n\t\t\t\t<div class=\"elementor-element elementor-element-acbcc2c elementor-widget__width-initial elementor-widget elementor-widget-heading\" data-id=\"acbcc2c\" data-element_type=\"widget\" data-widget_type=\"heading.default\">\n\t\t\t\t<div class=\"elementor-widget-container\">\n\t\t\t<style>\/*! elementor - v3.17.0 - 08-11-2023 *\/\n.elementor-heading-title{padding:0;margin:0;line-height:1}.elementor-widget-heading .elementor-heading-title[class*=elementor-size-]>a{color:inherit;font-size:inherit;line-height:inherit}.elementor-widget-heading .elementor-heading-title.elementor-size-small{font-size:15px}.elementor-widget-heading .elementor-heading-title.elementor-size-medium{font-size:19px}.elementor-widget-heading .elementor-heading-title.elementor-size-large{font-size:29px}.elementor-widget-heading .elementor-heading-title.elementor-size-xl{font-size:39px}.elementor-widget-heading .elementor-heading-title.elementor-size-xxl{font-size:59px}<\/style><h2 class=\"elementor-heading-title elementor-size-default\">Nossa Hist\u00f3ria <\/h2>\t\t<\/div>\n\t\t\t\t<\/div>\n\t\t\t\t<div class=\"elementor-element elementor-element-8f34f64 elementor-widget__width-initial elementor-widget elementor-widget-heading\" data-id=\"8f34f64\" data-element_type=\"widget\" data-widget_type=\"heading.default\">\n\t\t\t\t<div class=\"elementor-widget-container\">\n\t\t\t<h2 class=\"elementor-heading-title elementor-size-default\">Sua escolha confi\u00e1vel para sistemas de aquecimento inovadores desde 2002<\/h2>\t\t<\/div>\n\t\t\t\t<\/div>\n\t\t\t\t\t<\/div>\n\t\t\t\t<\/div>\n\t\t<div class=\"elementor-element elementor-element-ed67b07 e-flex e-con-boxed e-con e-child\" data-id=\"ed67b07\" data-element_type=\"container\" data-settings=\"{&quot;content_width&quot;:&quot;boxed&quot;}\">\n\t\t\t\t\t<div class=\"e-con-inner\">\n\t\t\t\t<div class=\"elementor-element elementor-element-66e8d73 elementor-widget__width-initial elementor-widget elementor-widget-text-editor\" data-id=\"66e8d73\" data-element_type=\"widget\" data-widget_type=\"text-editor.default\">\n\t\t\t\t<div class=\"elementor-widget-container\">\n\t\t\t<style>\/*! elementor - v3.17.0 - 08-11-2023 *\/\n.elementor-widget-text-editor.elementor-drop-cap-view-stacked .elementor-drop-cap{background-color:#69727d;color:#fff}.elementor-widget-text-editor.elementor-drop-cap-view-framed .elementor-drop-cap{color:#69727d;border:3px solid;background-color:transparent}.elementor-widget-text-editor:not(.elementor-drop-cap-view-default) .elementor-drop-cap{margin-top:8px}.elementor-widget-text-editor:not(.elementor-drop-cap-view-default) .elementor-drop-cap-letter{width:1em;height:1em}.elementor-widget-text-editor .elementor-drop-cap{float:left;text-align:center;line-height:1;font-size:50px}.elementor-widget-text-editor .elementor-drop-cap-letter{display:inline-block}<\/style>\t\t\t\t<p>Aquecimento que vai al\u00e9m: Star Aquecedores, proporcionando bem-estar e efici\u00eancia energ\u00e9tica em cada projeto<\/p>\t\t\t\t\t\t<\/div>\n\t\t\t\t<\/div>\n\t\t\t\t\t<\/div>\n\t\t\t\t<\/div>\n\t\t\t\t\t<\/div>\n\t\t\t\t<\/div>\n\t\t\t\t\t<\/div>\n\t\t\t\t<\/div>\n\t\t\t\t\t<\/div>\n\t\t\t\t<\/div>\n\t\t<div class=\"elementor-element elementor-element-ceb64d6 e-flex e-con-boxed e-con e-parent\" data-id=\"ceb64d6\" data-element_type=\"container\" data-settings=\"{&quot;content_width&quot;:&quot;boxed&quot;}\" data-core-v316-plus=\"true\">\n\t\t\t\t\t<div class=\"e-con-inner\">\n\t\t<div class=\"elementor-element elementor-element-419af68 e-con-full e-flex e-con e-child\" data-id=\"419af68\" data-element_type=\"container\" data-settings=\"{&quot;content_width&quot;:&quot;full&quot;,&quot;background_background&quot;:&quot;classic&quot;}\">\n\t\t\t\t<\/div>\n\t\t<div class=\"elementor-element elementor-element-091cd70 e-con-full e-flex e-con e-child\" data-id=\"091cd70\" data-element_type=\"container\" data-settings=\"{&quot;content_width&quot;:&quot;full&quot;,&quot;background_background&quot;:&quot;classic&quot;}\">\n\t\t\t\t<\/div>\n\t\t\t\t\t<\/div>\n\t\t\t\t<\/div>\n\t\t<div class=\"elementor-element elementor-element-8517915 e-flex e-con-boxed e-con e-parent\" data-id=\"8517915\" data-element_type=\"container\" data-settings=\"{&quot;content_width&quot;:&quot;boxed&quot;}\" data-core-v316-plus=\"true\">\n\t\t\t\t\t<div class=\"e-con-inner\">\n\t\t<div class=\"elementor-element elementor-element-b888a0e e-con-full e-flex e-con e-child\" data-id=\"b888a0e\" data-element_type=\"container\" data-settings=\"{&quot;content_width&quot;:&quot;full&quot;}\">\n\t\t\t\t<div class=\"elementor-element elementor-element-2cc7f32 elementor-widget__width-initial elementor-widget elementor-widget-heading\" data-id=\"2cc7f32\" data-element_type=\"widget\" data-widget_type=\"heading.default\">\n\t\t\t\t<div class=\"elementor-widget-container\">\n\t\t\t<h2 class=\"elementor-heading-title elementor-size-default\">Nossa Hist\u00f3ria <\/h2>\t\t<\/div>\n\t\t\t\t<\/div>\n\t\t\t\t<div class=\"elementor-element elementor-element-5fadf0a elementor-widget__width-initial elementor-widget elementor-widget-heading\" data-id=\"5fadf0a\" data-element_type=\"widget\" data-widget_type=\"heading.default\">\n\t\t\t\t<div class=\"elementor-widget-container\">\n\t\t\t<h2 class=\"elementor-heading-title elementor-size-default\">Entregamos o melhor aquecimento e energia para voc\u00ea!<\/h2>\t\t<\/div>\n\t\t\t\t<\/div>\n\t\t\t\t<\/div>\n\t\t<div class=\"elementor-element elementor-element-d00333d e-con-full e-flex e-con e-child\" data-id=\"d00333d\" data-element_type=\"container\" data-settings=\"{&quot;content_width&quot;:&quot;full&quot;}\">\n\t\t\t\t<div class=\"elementor-element elementor-element-c864da9 elementor-widget elementor-widget-text-editor\" data-id=\"c864da9\" data-element_type=\"widget\" data-widget_type=\"text-editor.default\">\n\t\t\t\t<div class=\"elementor-widget-container\">\n\t\t\t\t\t\t\t<p>A Star Aquecedores existe desde 2002 e foi fundada pelos s\u00f3cios Carlos A. Souza e Reginaldo dos Santos que j\u00e1 possu\u00edam experi\u00eancia no setor e sentiram a necessidade de criar uma empresa que viesse para melhorar a qualidade de vida, oferecendo os melhores produtos e servi\u00e7os no segmento de sistemas de aquecimento.Atuamos no setor de energia renov\u00e1vel em aquecimento solar, el\u00e9trico e g\u00e1s para \u00e1gua. Possui produtos para Resid\u00eancias, Academias, Hot\u00e9is, Mot\u00e9is, Piscinas, Hospitais, Cl\u00ednicas, Industrias entre outros e \u00e9 respons\u00e1vel por diversos projetos de empresas de grande porte na cidade dentre elas Hospital Unimed, Raizen e outras.<\/p>\t\t\t\t\t\t<\/div>\n\t\t\t\t<\/div>\n\t\t\t\t<\/div>\n\t\t\t\t\t<\/div>\n\t\t\t\t<\/div>\n\t\t<div class=\"elementor-element elementor-element-bcc104e e-flex e-con-boxed e-con e-parent\" data-id=\"bcc104e\" data-element_type=\"container\" data-settings=\"{&quot;content_width&quot;:&quot;boxed&quot;}\" data-core-v316-plus=\"true\">\n\t\t\t\t\t<div class=\"e-con-inner\">\n\t\t<div class=\"elementor-element elementor-element-2a80fe8 e-flex e-con-boxed e-con e-child\" data-id=\"2a80fe8\" data-element_type=\"container\" data-settings=\"{&quot;content_width&quot;:&quot;boxed&quot;}\">\n\t\t\t\t\t<div class=\"e-con-inner\">\n\t\t\t\t<div class=\"elementor-element elementor-element-eab500e elementor-widget elementor-widget-heading\" data-id=\"eab500e\" data-element_type=\"widget\" data-widget_type=\"heading.default\">\n\t\t\t\t<div class=\"elementor-widget-container\">\n\t\t\t<h2 class=\"elementor-heading-title elementor-size-default\">01<\/h2>\t\t<\/div>\n\t\t\t\t<\/div>\n\t\t\t\t<div class=\"elementor-element elementor-element-d08bbad elementor-widget elementor-widget-heading\" data-id=\"d08bbad\" data-element_type=\"widget\" data-widget_type=\"heading.default\">\n\t\t\t\t<div class=\"elementor-widget-container\">\n\t\t\t<h2 class=\"elementor-heading-title elementor-size-default\">Pol\u00edtica <br>\nde qualidade<\/h2>\t\t<\/div>\n\t\t\t\t<\/div>\n\t\t\t\t<div class=\"elementor-element elementor-element-c5a88cd elementor-widget__width-initial elementor-widget elementor-widget-text-editor\" data-id=\"c5a88cd\" data-element_type=\"widget\" data-widget_type=\"text-editor.default\">\n\t\t\t\t<div class=\"elementor-widget-container\">\n\t\t\t\t\t\t\tComprometemo-nos a oferecer produtos e servi\u00e7os de energia e aquecimento solar de alta qualidade, superando as expectativas dos clientes. Buscamos a melhoria cont\u00ednua, aderindo a padr\u00f5es rigorosos e assegurando a satisfa\u00e7\u00e3o dos clientes, enquanto contribu\u00edmos para a sustentabilidade ambiental.\n\t\t\t\t\t\t<\/div>\n\t\t\t\t<\/div>\n\t\t\t\t\t<\/div>\n\t\t\t\t<\/div>\n\t\t<div class=\"elementor-element elementor-element-f493703 e-flex e-con-boxed e-con e-child\" data-id=\"f493703\" data-element_type=\"container\" data-settings=\"{&quot;content_width&quot;:&quot;boxed&quot;}\">\n\t\t\t\t\t<div class=\"e-con-inner\">\n\t\t\t\t<div class=\"elementor-element elementor-element-6ebb75c elementor-widget elementor-widget-heading\" data-id=\"6ebb75c\" data-element_type=\"widget\" data-widget_type=\"heading.default\">\n\t\t\t\t<div class=\"elementor-widget-container\">\n\t\t\t<h2 class=\"elementor-heading-title elementor-size-default\">02<\/h2>\t\t<\/div>\n\t\t\t\t<\/div>\n\t\t\t\t<div class=\"elementor-element elementor-element-30c9095 elementor-widget elementor-widget-heading\" data-id=\"30c9095\" data-element_type=\"widget\" data-widget_type=\"heading.default\">\n\t\t\t\t<div class=\"elementor-widget-container\">\n\t\t\t<h2 class=\"elementor-heading-title elementor-size-default\">Experi\u00eancia <br>\nda equipe<\/h2>\t\t<\/div>\n\t\t\t\t<\/div>\n\t\t\t\t<div class=\"elementor-element elementor-element-8502fbb elementor-widget__width-initial elementor-widget elementor-widget-text-editor\" data-id=\"8502fbb\" data-element_type=\"widget\" data-widget_type=\"text-editor.default\">\n\t\t\t\t<div class=\"elementor-widget-container\">\n\t\t\t\t\t\t\t<p>Nossa equipe \u00e9 formada por profissionais especializados e dedicados no campo de energia solar. Com vasta experi\u00eancia, trabalhamos em conjunto para projetar, instalar e manter sistemas eficientes e sustent\u00e1veis, assegurando a excel\u00eancia em cada etapa do processo.<\/p>\t\t\t\t\t\t<\/div>\n\t\t\t\t<\/div>\n\t\t\t\t\t<\/div>\n\t\t\t\t<\/div>\n\t\t<div class=\"elementor-element elementor-element-7f5658c e-flex e-con-boxed e-con e-child\" data-id=\"7f5658c\" data-element_type=\"container\" data-settings=\"{&quot;content_width&quot;:&quot;boxed&quot;}\">\n\t\t\t\t\t<div class=\"e-con-inner\">\n\t\t\t\t<div class=\"elementor-element elementor-element-245e4f1 elementor-widget elementor-widget-heading\" data-id=\"245e4f1\" data-element_type=\"widget\" data-widget_type=\"heading.default\">\n\t\t\t\t<div class=\"elementor-widget-container\">\n\t\t\t<h2 class=\"elementor-heading-title elementor-size-default\">03<\/h2>\t\t<\/div>\n\t\t\t\t<\/div>\n\t\t\t\t<div class=\"elementor-element elementor-element-b29a83d elementor-widget elementor-widget-heading\" data-id=\"b29a83d\" data-element_type=\"widget\" data-widget_type=\"heading.default\">\n\t\t\t\t<div class=\"elementor-widget-container\">\n\t\t\t<h2 class=\"elementor-heading-title elementor-size-default\">Valores<br>\nda Star<\/h2>\t\t<\/div>\n\t\t\t\t<\/div>\n\t\t\t\t<div class=\"elementor-element elementor-element-b5ad184 elementor-widget__width-initial elementor-widget elementor-widget-text-editor\" data-id=\"b5ad184\" data-element_type=\"widget\" data-widget_type=\"text-editor.default\">\n\t\t\t\t<div class=\"elementor-widget-container\">\n\t\t\t\t\t\t\t<p>Na nossa jornada di\u00e1ria, fundamentamos nosso trabalho em valores essenciais que refletem nossa identidade e direcionam nossas a\u00e7\u00f5es. A sustentabilidade est\u00e1 no cerne do que fazemos; buscamos incessantemente maneiras inovadoras de promover pr\u00e1ticas e tecnologias que impulsionem um futuro mais verde e sustent\u00e1vel.<\/p>\t\t\t\t\t\t<\/div>\n\t\t\t\t<\/div>\n\t\t\t\t\t<\/div>\n\t\t\t\t<\/div>\n\t\t\t\t\t<\/div>\n\t\t\t\t<\/div>\n\t\t\t\t\t\t\t<\/div>\n\t\t","protected":false},"excerpt":{"rendered":"<p>Nossa Hist\u00f3ria Sua escolha confi\u00e1vel para sistemas de aquecimento inovadores desde 2002 Aquecimento que vai al\u00e9m: Star Aquecedores, proporcionando bem-estar e efici\u00eancia energ\u00e9tica em cada projeto Nossa Hist\u00f3ria Entregamos o melhor aquecimento e energia para voc\u00ea! A Star Aquecedores existe desde 2002 e foi fundada pelos s\u00f3cios Carlos A. Souza e Reginaldo dos Santos que [&hellip;]<\/p>\n","protected":false},"author":1,"featured_media":0,"parent":0,"menu_order":0,"comment_status":"closed","ping_status":"closed","template":"","meta":{"footnotes":""},"_links":{"self":[{"href":"https:\/\/staraquecedores.com.br\/index.php\/wp-json\/wp\/v2\/pages\/818"}],"collection":[{"href":"https:\/\/staraquecedores.com.br\/index.php\/wp-json\/wp\/v2\/pages"}],"about":[{"href":"https:\/\/staraquecedores.com.br\/index.php\/wp-json\/wp\/v2\/types\/page"}],"author":[{"embeddable":true,"href":"https:\/\/staraquecedores.com.br\/index.php\/wp-json\/wp\/v2\/users\/1"}],"replies":[{"embeddable":true,"href":"https:\/\/staraquecedores.com.br\/index.php\/wp-json\/wp\/v2\/comments?post=818"}],"version-history":[{"count":14,"href":"https:\/\/staraquecedores.com.br\/index.php\/wp-json\/wp\/v2\/pages\/818\/revisions"}],"predecessor-version":[{"id":893,"href":"https:\/\/staraquecedores.com.br\/index.php\/wp-json\/wp\/v2\/pages\/818\/revisions\/893"}],"wp:attachment":[{"href":"https:\/\/staraquecedores.com.br\/index.php\/wp-json\/wp\/v2\/media?parent=818"}],"curies":[{"name":"wp","href":"https:\/\/api.w.org\/{rel}","templated":true}]}}